is divided by 16398.
0
Calculate the remainder when 498769 is divided by 261.
259
Calculate the remainder when 21751 is divided by 1963.
158
What is the remainder when 54364 is divided by 1556?
1460
What is the remainder when 93525 is divided by 58?
29
Calculate the remainder when 92778 is divided by 39.
36
Calculate the remainder when 5608 is divided by 232.
40
Calculate the remainder when 41055 is divided by 18.
15
What is the remainder when 24985 is divided by 99?
37
Calculate the remainder when 103681 is divided by 14810.
11
What is the remainder when 63910 is divided by 619?
153
What is the remainder when 1183 is divided by 49?
7
Calculate the remainder when 11819 is divided by 444.
275
What is the remainder when 43827 is divided by 258?
225
Calculate the remainder when 5922 is divided by 119.
91
Calculate the remainder when 12113 is divided by 1315.
278
What is the remainder when 1485295 is divided by 297?
295
What is the remainder when 788 is divided by 196?
4
What is the remainder when 108056 is divided by 45?
11
What is the remainder when 307829 is divided by 27984?
5
What is the remainder when 77083 is divided by 37?
12
What is the remainder when 69232 is divided by 23071?
19
What is the remainder when 7411 is divided by 24?
19
What is the remainder when 93188 is divided by 1579?
27
What is the remainder when 63654 is divided by 643?
640
Calculate the remainder when 3359 is divided by 240.
239
What is the remainder when 6183 is divided by 48?
39
What is the remainder when 90312 is divided by 544?
8
What is the remainder when 7958 is divided by 3918?
122
What is the remainder when 64582 is divided by 4611?
28
Calculate the remainder when 15864 is divided by 28.
16
What is the remainder when 2993 is divided by 67?
45
What is the remainder when 15799 is divided by 14?
7
What is the remainder when 2372 is divided by 1179?
14
Calculate the remainder when 1338 is divided by 192.
186
What is the remainder when 35516 is divided by 278?
210
Calculate the remainder when 181202 is divided by 136.
50
What is the remainder when 17503 is divided by 17483?
20
Calculate the remainder when 33552 is divided by 33311.
241
What is the remainder when 116580 is divided by 333?
30
What is the remainder when 36419 is divided by 228?
167
Calculate the remainder when 14417 is divided by 345.
272
What is the remainder when 92159 is divided by 46032?
95
What is the remainder when 53898 is divided by 10772?
38
What is the remainder when 125332 is divided by 2199?
2188
Calculate the remainder when 43864 is divided by 1153.
50
What is the remainder when 28189 is divided by 1083?
31
What is the remainder when 159607 is divided by 641?
639
What is the remainder when 35027 is divided by 29?
24
What is the remainder when 32055 is divided by 308?
23
What is the remainder when 20202 is divided by 2181?
573
What is the remainder when 792410 is divided by 137?
2
What is the remainder when 19910 is divided by 82?
66
Calculate the remainder when 5144 is divided by 656.
552
Calculate the remainder when 666550 is divided by 24.
22
Calculate the remainder when 1685 is divided by 76.
13
What is the remainder when 5590 is divided by 922?
58
What is the remainder when 695 is divided by 478?
217
Calculate the remainder when 6616 is divided by 3.
1
Calculate the remainder when 56920 is divided by 187.
72
Calculate the remainder when 39115 is divided by 1223.
1202
Calculate the remainder when 98362 is divided by 3.
1
What is the remainder when 2470 is divided by 1103?
264
What is the remainder when 127812 is divided by 166?
158
Calculate the remainder when 6219 is divided by 287.
192
What is the remainder when 529352 is divided by 966?
950
What is the remainder when 2716 is divided by 457?
431
Calculate the remainder when 10892 is divided by 222.
14
Calculate the remainder when 169435 is divided by 63.
28
Calculate the remainder when 7374 is divided by 125.
124
Calculate the remainder when 665 is divided by 33.
5
What is the remainder when 19089 is divided by 56?
49
What is the remainder when 91806 is divided by 10199?
15
Calculate the remainder when 13254 is divided by 149.
142
What is the remainder when 24275 is divided by 72?
11
Calculate the remainder when 30231 is divided by 10055.
66
What is the remainder when 195577 is divided by 348?
1
Calculate the remainder when 88605 is divided by 165.
0
Calculate the remainder when 5924442 is divided by 15.
12
Calculate the remainder when 384174 is divided by 121.
120
Calculate the remainder when 1427 is divided by 35.
27
Calculate the remainder when 269784 is divided by 1524.
36
Calculate the remainder when 68312 is divided by 579.
569
What is the remainder when 38850 is divided by 102?
90
Calculate the remainder when 19324 is divided by 302.
298
Calculate the remainder when 92823 is divided by 520.
263
What is the remainder when 32633 is divided by 175?
83
Calculate the remainder when 19055 is divided by 16.
15
What is the remainder when 4066 is divided by 215?
196
What is the remainder when 19854 is divided by 111?
96
Calculate the remainder when 6623 is divided by 388.
27
Calculate the remainder when 11628 is divided by 322.
36
Calculate the remainder when 2846 is divided by 573.
554
Calculate the remainder when 2852 is divided by 625.
352
Calculate the remainder when 97266 is divided by 15.
6
What is the remainder when 353 is divided by 240?
113
What is the remainder when 21944 is divided by 5?
4
Calculate the remainder when 153858 is divided by 145.
13
What is the remainder when 923566 is divided by 136?
126
Calculate the remainder when 8755 is divided by 971.
16
What is the remainder when 865 is divided by 452?
413
What is the remainder when 91931 is divided by 2089?
15
What is the remainder when 2293651 is divided by 274?
271
What is the remainder when 2101 is divided by 699?
4
Calculate the remainder when 1251712 is divided by 9.
1
Calculate the remainder when 250151 is divided by 3207.
5
Calculate the remainder when 5853 is divided by 23.
11
What is the remainder when 4291 is divided by 81?
79
What is the remainder when 688133 is divided by 29?
21
What is the remainder when 59821 is divided by 14950?
21
Calculate the remainder when 3053353 is divided by 61.
59
What is the remainder when 33533 is divided by 147?
17
What is the remainder when 2622 is divided by 672?
606
Calculate the remainder when 1192668 is divided by 244.
240
What is the remainder when 1397 is divided by 454?
35
What is the remainder when 14748 is divided by 507?
45
Calculate the remainder when 83 is divided by 7.
6
What is the remainder when 489165 is divided by 33?
6
Calculate the remainder when 209147 is divided by 63.
50
What is the remainder when 503799 is divided by 1536?
1527
What is the remainder when 102089 is divided by 4437?
38
Calculate the remainder when 123 is divided by 96.
27
What is the remainder when 1071866 is divided by 33?
26
What is the remainder when 12347 is divided by 4114?
5
Calculate the remainder when 8030 is divided by 533.
35
What is the remainder when 3572 is divided by 860?
132
Calculate the remainder when 19283 is divided by 2310.
803
Calculate the remainder when 28988 is divided by 28978.
10
Calculate the remainder when 4661 is divided by 42.
41
Calculate the remainder when 26376 is divided by 116.
44
Calculate the remainder when 97034 is divided by 173.
154
What is the remainder when 4154 is divided by 46?
14
Calculate the remainder when 349136 is divided by 201.
200
What is the remainder when 233 is divided by 61?
50
Calculate the remainder when 400802 is divided by 97.
95
What is the remainder when 30331 is divided by 124?
75
Calculate the remainder when 599323 is divided by 199772.
7
What is the remainder when 1097869 is divided by 69?
10
What is the remainder when 11133 is divided by 348?
345
What is the remainder when 43296 is divided by 31?
20
Calculate the remainder when 668 is divided by 655.
13
What is the remainder when 30257 is divided by 10?
7
Calculate the remainder when 10186 is divided by 10176.
10
Calculate the remainder when 21521 is divided by 6.
5
What is the remainder when 10167 is divided by 31?
30
What is the remainder when 5723 is divided by 1906?
5
Calculate the remainder when 1779 is divided by 2